t is the units digit of g?
5
Suppose 15 = -22*m + 17*m. Let z be m/(-2) + 2 + (-6)/12. Suppose 0*u = -2*u + 3*b + z, 0 = -4*u + 5*b + 11. What is the units digit of u?
9
Let r be -4*-4*(-6)/(-48). Suppose -1452 = g - 5*g + 4*o, -2*o - r = 0. What is the tens digit of g?
6
Let r = -628 + 2390. Suppose 11*g = r + 3815. What is the units digit of g?
7
Let p = 11377 + -6106. What is the units digit of p?
1
Suppose -7*u = -14*u + 28. Let w be (39/(-52))/((-1)/u). Suppose 0*c - 106 = -w*c - 2*t, 4*t = -3*c + 116. What is the units digit of c?
2
Suppose -4*s - 3*y = -597, -7*y = s - 3*y - 159. Let z = 425 - s. What is the units digit of z?
8
Suppose 13*w = 14*w - 4. Let p(c) = -4 - c - w*c - c - c. What is the units digit of p(-17)?
5
Suppose 3*g + 152 = 47. Suppose 7*t = 2*t - 20, -4*t = 3*f - 182. Let c = g + f. What is the tens digit of c?
3
Let z = 41701 - 1004. What is the thousands digit of z?
0
Suppose 2047*u - 2051*u = -14016. What is the thousands digit of u?
3
Suppose 9*q - 168523 = -a, 2*q - 4*q + 3*a + 37456 = 0. What is the hundreds digit of q?
7
Let u(c) = -36*c**2 + 7*c - 4. Let v be u(-7). Let z = v + 2711. What is the tens digit of z?
9
Let l(c) be the third derivative of 0 + 4/3*c**5 + 2/3*c**3 + 19*c**2 + 0*c - 1/8*c**4. What is the units digit of l(1)?
1
Let t = -1439 - -3641. Suppose 8*f - 10*f = -t. What is the hundreds digit of f?
1
Suppose 0 = g + 3*s + 229, -7 = -g - s - 240. Let v = g - -428. What is the tens digit of v?
9
Let g be ((-14)/6)/((-21)/126). Suppose 0 = -5*b - 20, 10*l + 424 = g*l - 5*b. What is the units digit of l?
1
Let b be 20/(-12)*(-2 - 1). Suppose b*a = 19*a - 1792. Suppose -j = 2*q - 68, 2*j - q - a + 7 = 0. What is the tens digit of j?
6
Let f = 228 + -227. What is the hundreds digit of f - 3/4 - (-7388)/16?
4
Let b be (10/(-6))/((-3)/25569). Suppose b = -203*q + 218*q. What is the units digit of q?
7
Let z(n) = -119 + 6*n - 22 - 153 + 20. Let d be z(0). Let q = d - -385. What is the units digit of q?
1
What is the thousands digit of ((-293)/1)/(568/48 + -12)*1?
1
Let a(t) = 104*t + 3098. What is the hundreds digit of a(13)?
4
Let r = 12698 - 6698. Suppose 0 = -20*o + 4*o + r. What is the tens digit of o?
7
Let b(y) = 3*y**3 - 2*y**2 + 17*y - 23. What is the units digit of b(9)?
5
Let q(h) = -101*h - 1440. What is the units digit of q(-63)?
3
Suppose 0*w + 20 = 5*w. Let p be w - 0 - (5 - 3). What is the tens digit of (1/p)/(5/1200)?
2
Suppose -2*k - 4*n + 331 = k, 3*n + 458 = 4*k. Let c = k - -535. What is the units digit of c?
8
Suppose h = 2*x + 662 - 4526, 0 = -5*x + 2*h + 9660. Suppose -12*m + x = -0*m. What is the units digit of m?
1
Let p be (28/(-10))/(2/(-20)). Let y be (-74)/(-14) - 8*1/p. Suppose -y*f - 1170 = -14*f. What is the hundreds digit of f?
1
Let m(f) = 1645*f**3 + 15*f**2 - 6*f + 1. What is the units digit of m(2)?
9
Suppose -3*x + 9017 = o, -235*o + 2*x + 36110 = -231*o. What is the units digit of o?
6
Let t be (1 - (-63)/5)/(8/840). Suppose t = -6*l + 10*l. What is the hundreds digit of l?
3
Let p = 85 - 89. What is the hundreds digit of 2/((-32)/(-2888)) + (-2)/p?
1
Let g(k) = 7*k**2 - 227*k + 59. Let n = 789 - 752. What is the thousands digit of g(n)?
1
Let b(v) = 16*v - 3. Let w(i) = 17*i - 3. Let u(p) = -5*b(p) + 6*w(p). Suppose -5*d = -n - 2, -3*d + 6 = -6*n + 7*n. What is the units digit of u(n)?
3
Suppose 3*l + 11 = -4, 0 = 4*p - 4*l - 28. Suppose -195 = p*w - 5*j - 1229, 3*j + 2547 = 5*w. What is the hundreds digit of w?
5
Let t be 5 - 55*(-1)/1 - -3. Suppose 234 = 64*n - t*n. What is the hundreds digit of n?
2
Let r(x) = -15*x + 144. Let l(z) = -z + 9. Let i(h) = 33*l(h) - 2*r(h). Suppose -3*t - 12 - 2 = 5*p, -4*t + 5*p - 42 = 0. What is the units digit of i(t)?
3
Let s(f) = -48991*f + 76. What is the hundreds digit of s(-1)?
0
Let x(p) = -40399*p - 296. What is the thousands digit of x(-1)?
0
Let g be (-60)/(-18)*5/(25/(-96)). Let v = g - -55. What is the units digit of -1 + 147 + v + 5 - 0?
2
What is the hundreds digit of (-2248)/4*-2 - 0?
1
Suppose -153 = -3*f + 30. Let m = f + -56. Suppose 2*l + m*z - 164 = -l, -2*z + 200 = 4*l. What is the tens digit of l?
4
Suppose 3*u + 5*m - 4735 = 0, -4*u - 4*m + 6294 = -7*m. Suppose -105 + u = 7*d. What is the hundreds digit of d?
2
Let j be (-23)/207 - (-6320)/18. Suppose -2*p + p + 75 = 5*z, z = -5*p + j. Suppose -9*g + 1213 - p = 0. What is the hundreds digit of g?
1
Let d = 7082 - -11259. What is the ten thousands digit of d?
1
Let g = 53584 + -37005. What is the thousands digit of g?
6
Let h be (-12)/30 + (-84)/(-10). Suppose 13*c = h*c + 5. What is the units digit of 4*c/4 + 70 + 2?
3
What is the thousands digit of (-1)/3 + (-550)/9*6864/(-20)?
0
Let m = 1 + 5. Let o be (m + 2)/(1 - 5/10). What is the hundreds digit of -5*o/20*-51?
2
Suppose -4*r = 2*r - 18660. Suppose -9*z + r = z. What is the hundreds digit of z?
3
Let r(q) = -139*q - 17. Let c be r(-9). Suppose -12*d + 2642 + c = 0. What is the units digit of d?
3
Suppose 517 = -38*h + 2683. Suppose -3*f + 195 = -h. What is the units digit of f?
4
Let n = -86 - -105. Suppose -3021 + 228 = -n*p. What is the tens digit of p?
4
Let j(z) = -6*z**3 - 2*z**2 - 6*z - 13. Let h = -61 + 64. Suppose -v - 11 = 2*x, 3*x - h*v = -5 + 11. What is the hundreds digit of j(x)?
1
Let u be (-160)/(-24)*(-6)/(-5). Let g = 27 - u. Let l = g + 54. What is the units digit of l?
3
Suppose -108 = h - 191. What is the tens digit of h?
8
Suppose 0*h = -5*y - h + 110, 3*y + 2*h - 66 = 0. Suppose l = -4 + y. Suppose 22*c = l*c + 524. What is the tens digit of c?
3
What is the hundreds digit of ((-87136)/(-40) - (1 - -11)) + (-6)/(-10)?
1
What is the units digit of -9 - (0 - 1 - 5773)?
5
Let l be 9 + (-5)/1 - -135. Suppose 4*i - l - 81 = 0. What is the tens digit of i - (2 - (1 + (7 - 4)))?
5
Let u = -201 + 34066. What is the ten thousands digit of u?
3
Let a = -89 - -201. Suppose -4*b - 88 - 28 = -2*s, 0 = -4*b + s - a. Let t = b + 28. What is the units digit of t?
1
Let t(w) = -w**3 + 6*w**2 - 6*w + 9. Let j be t(5). Suppose -j*c = -6*c - 6, 3*c - 6555 = -4*y. What is the hundreds digit of y?
6
Let n = 9324 + -9028. What is the hundreds digit of n?
2
Suppose 24793 = 32*w - 23847. Let d = w - 883. What is the units digit of d?
7
Suppose 694*m - 688*m - 1176 = 0. Let h = m - -42. What is the tens digit of h?
3
Let d(p) = 4*p**2 - 12 - 5*p + 605*p**3 + 4*p + 10. What is the units digit of d(1)?
6
Let c(l) = l**3 + 15*l**2 - 3*l - 29. Let m be 0 - (1 - (16 + -1)). Suppose -2*j - z = -3*j - m, 5*z + 20 = -j. What is the tens digit of c(j)?
1
Let r = 57083 + -18903. What is the thousands digit of r?
8
What is the tens digit of (-4)/16 + (-1)/(-2)*(-4305)/(-2)?
7
Suppose 2*h + 6 = 0, 32*w - 33*w + 12763 = -5*h. What is the units digit of w?
8
Suppose 2 = 2*l - l. Suppose l*u - 51 = -5*f, 20 = -f - 3*f. What is the units digit of u?
8
Let j = -24 - -26. Suppose -59 = 3*o - a, j*a = 5*o - 19 + 116. Let b = o - -127. What is the tens digit of b?
0
Suppose 2*r - 10 = 0, -5*i + 13304 = -4*r - 10581. What is the tens digit of i?
8
What is the thousands digit of (-3649464)/(-572) - 4/22?
6
Let n(h) = -776*h + 10903. What is the hundreds digit of n(-65)?
3
Suppose -3*l - 3 = -21. Suppose 2*x + 4 - l = 0. Suppose -35 + x = -2*f. What is the tens digit of f?
1
Let t(c) = 48*c**2 - 4*c - 22*c**2 + 54*c**2 - 2. Let j be t(2). Suppose 2*y - 7*y = -j. What is the units digit of y?
2
What is the hundreds digit of (-13 + 14)/((-5)/(-24820))?
9
Suppose -x + 31509 = 3*v - 11730, 0 = v - 4*x - 14400. What is the tens digit of v?
1
Let s be 51/(-5)*(13 - (-735)/(-45)). What is the units digit of (s/4)/((-14)/(-868))?
7
Suppose 3 = 4*v - 3*o, -3*o + 10 = -5*o. What is the units digit of (15/(-27)*v)/(3/27)?
5
Let k(u) = -u**3 + 4*u**2 + 32*u - 7. Let y be k(8). What is the tens digit of (-4403)/y - (-5 + -2)?
3
Suppose -4*b = -534*w + 529*w - 13883, -5*w + 13813 = 4*b. What is the units digit of b?
2
Let a(g) = g**2 - 5. Let v(d) = 3*d**2 + d - 24. Let j(y) = 5*a(y) - v(y). Let x(r) = -2*r + 1. Let s be x(4). What is the tens digit of j(s)?
0
Suppose 5*b + 6*a = 3*a - 60, 4*b + 48 = -5*a. Let o be (-2)/(b/(-21))*-2. Suppose 278 = o*s - 198. What is the tens digit of s?
6
Let j = -66 - -75. Suppose 11*x - 4000 = j*x. What